 -261 - (22 - (66 + 0)).
-46
What is the value of (-138 - -147) + (-82 - (8 + -16 + 3))?
-68
Calculate -47 + -13 + 413 + -328.
25
Evaluate 1206 - 1183 - (56 + 2).
-35
Calculate (1 - (2 - -15)) + -209 + (295 - 75).
-5
Evaluate 67 + -2 + (-20 - (-14 + (-24 - -14))).
69
What is the value of -30 + (-4 - -2 - (-56 + 67))?
-43
(69 - (49 + -7) - 67) + 123
83
What is (-14 - -53) + -45 - -20?
14
What is -27 + (1 - (13 + -23)) - (-1 + -48)?
33
What is (-5 - (4 + -5) - 3) + 22 + -7 - 12?
-4
Calculate (13 - (32 + -10)) + 46 - (-2 - 9).
48
What is 6 - (1 - -2) - ((-3 - (-2 + 21)) + 18)?
7
What is (47 - (26 - (-8 + 22))) + -5 + 2?
32
What is 73 + (34 + -57 - 8)?
42
Evaluate -37 + 96 + -68 + (-1 - -1).
-9
-17 + 15 + (5 + -4 - (-21 - -3 - 1))
18
Calculate 430 + -420 + (-1 + (-1 - -53) - (-64 + 62)).
63
What is the value of -17 - (20 - -13 - 16) - 20?
-54
109 + -97 + (53 - 3)
62
What is (80 - (-3 - -83) - (1 + 0 - -8)) + 115?
106
What is -23 + 13 + (4 - 74) + 2 + -15 + 6?
-87
What is -3 + 0 + -50 + -762 + 761?
-54
What is the value of -3 + (-1 + (0 - 3) - (-129 - -131)) + 7?
-2
Evaluate (-1397 - -1369) + -1 + 3 + 20.
-6
-44 - (58 + (-139 - -16))
21
Calculate ((-17 - -5) + 7 + -5 - 31) + -2.
-43
Calculate -6830 + 6788 - (0 + -96).
54
Evaluate 1 - 82 - (-6035 + 6046).
-92
Evaluate 43 - (-21 + -13 - 2).
79
What is -201 + -134 + (-114 - -337)?
-112
Evaluate -153 + 51 + 79 - (1 + -69).
45
What is 8 + 1 - ((19 - (32 - 16)) + (3 - -13))?
-10
-3 + (-42 - -24) - 3
-24
What is (-28 - (120 + -32)) + 12 - -5?
-99
Evaluate -12 + (5 - -5 - 6) - -1 - -41.
34
What is the value of -132 + (-23 - -88) - -88?
21
What is -6 + -138 + 57 + 84?
-3
What is the value of (-7 - 4 - (4 - 18)) + (-32 - (10 + -24))?
-15
Evaluate -37 + -9 + -10 + (3 - 2) + 4 + -1.
-52
What is the value of 633 + -494 - (-1 - -102)?
38
Calculate -2 + 3 + -2 - -1 - (13841 - 13839).
-2
What is the value of 6 + -13 + (94 + (17 - 32) - 14)?
58
What is the value of -523 + 493 - (7 - 5 - -7)?
-39
(41 - (59 - 7)) + -9 + (100 - 1)
79
7 + (1 - -26 - (-111 + 106) - (3 - 3))
39
What is 1 + -1 - ((26 - 8) + -10)?
-8
What is -30 + -2 + 16 - -10 - -66?
60
What is 1 + (-7 - -108) + -195?
-93
(19 - 6 - 0) + 0 + 9 - -1
23
Evaluate (-13 - -23) + (-30 - ((-7 - -2 - -1) + -4)).
-12
What is -471 + 481 - (-5 - (-92 - -9))?
-68
Calculate -35 + -79 - -49 - -55.
-10
Evaluate -2 + (7 - -6 - 0) + (33 - -15).
59
What is 100 + -67 + (-26 - 3) + -2 + 4?
6
Calculate -31 - ((-59 - -35) + 29).
-36
What is the value of -5 - 0 - (-19 + -8 + 24 + -163 - -22)?
139
3 - (15 + (0 - -10) + 1)
-23
Calculate (-1 - (1 + (-13 - -19 - -5)) - -64) + 5.
56
Evaluate 2 + (3 - -2) + -67 + (27 - -22) + -59.
-70
Calculate (-25 - -3) + (-626 - -586).
-62
What is the value of -9 - (6 - (11 + (9 - (-11 + (-44 - 9)))))?
69
Evaluate (-66 - 43) + 130 + (0 - 22).
-1
What is 27 + (-1 - 21) - (2 + 1) - (-49 + -2)?
53
6 + 0 + (12 - (13 - (19 + -8)))
16
What is the value of -36 - -55 - (14 - 18) - -37?
60
Evaluate 18 + -39 + (8 - 5) - -6.
-12
Evaluate 7 + 13 + -7 + -22 + 3 - 17.
-23
Evaluate (0 + 1 - 1) + 7623 + -7673 + -1 + 1.
-50
Evaluate -17 + ((-15 - 12) + 12 - -8).
-24
What is the value of 12 + -71 + 63 + 0 + -2 + 7?
9
Calculate -9 + 13 + (-5 + -1 + -6 + 5 - -5).
2
129 - (30 + 85) - (1 + (1 - -27))
-15
16 - (-14 + 15) - 27 - 0
-12
20 + -17 + 8 + 1 - (10 - 6)
8
What is the value of 1 + 1 + -7 + (2 - -20) + -9 - 54?
-46
Calculate (-1 - 46) + -12 + 31 + (-11 - (-4 - -10)).
-45
What is the value of (-7 - (-21 + 1)) + -250 + 207?
-30
(6 - (-4 - -67)) + (16 - (-11 - -29))
-59
Calculate -126 + (70 - (54 - 18 - -5)).
-97
Evaluate (-19 - 0 - (-1500 + 1502)) + 46.
25
10 + 72 + -4 + -11 - 4
63
-4 + (-9 - -10) - (-10 + 13 + -3 + -3)
0
What is the value of (119 - (96 + 30)) + (-2 - (-38 + 1))?
28
What is -32 - ((9 - -2) + (-16 - -2) + -4)?
-25
What is the value of -33 + (0 - 0 - 1) + 1493 + -1496 + 11?
-26
-51 + (-1 - -46) + 6 + 1 + -1 - -35
35
What is 2 - 59 - ((-24 - 1) + (-66 - -93 - 12))?
-47
Calculate 39 - 69 - 9 - (18 + -54).
-3
Calculate -34 + 30 + ((-8 - -2) + 31 - -5).
26
Calculate 19 + 33 + -24 + (-10 - -7) + 6 + -6.
25
What is 52 + (1 - 17) + (-15 - -18) + 23?
62
-183 + -1 + (23255 - 23126)
-55
What is (-29 - (-64 - -39)) + (-3 - 7)?
-14
Evaluate -12 + (-5 - (-13 - (1 - (11 + -3)))).
-11
Evaluate (25 - 2) + 0 - (-47 + -38 - -95).
13
Evaluate 0 + -48 - (-102 + (164 - 75)).
-35
Evaluate (-13 - 0 - 117) + (6 - (-8 + 12 - 7)).
-121
-11 + 128 + (33 - (7 + 1)) + -32
110
Evaluate 41 + 1 - (2798 + -2816).
60
Evaluate (12 - (-33 + (-22 - -17))) + 7 + 4.
61
What is the value of 0 - (3 + 6 - ((11 - 26) + 20))?
-4
What is (32 - 104) + 8 + 29 - 33?
-68
Evaluate -2 + 6 - (40 + -51) - (-16 + -15).
46
Evaluate -12 - 6 - (-10 - -23 - 9) - 3.
-25
What is -7 + (-29 - -39 - (-67 - 1)) + -6?
65
What is the value of -2 + -85 + (9326 - 9195)?
44
(-1 - 1) + 3 - -2 - (5 - 51)
49
What is 32 + -20 + -1 + 66 + (4 - 6) + -7?
68
Calculate -14 + 23 + 3 + 18 + -29 + 8.
9
(-128 - -126 - (15 + -5 + 2)) + -21
-35
59 + 10 + -5 + -25 - (-16 - 7 - -8)
54
Calculate -5 + (78 + (0 - (0 - 0)) - (-918 - -916)).
75
What is the value of (-7 - 41) + (-80 - -111)?
-17
What is the value of -23 - -80 - ((15 - (-7 - -24)) + -16)?
75
What is -26 + -37 + (3 - -31) + -39?
-68
What is (-70 - (-12 - 25)) + -5?
-38
What is the value of -15 - (-29 - (4 + 15)) - -14?
47
What is the value of 0 - 1 - (65 + -8) - (-5 + -8)?
-45
Evaluate 4 + (4 - 16) - (3 + 1 - 56).
44
What is -38 + -19 + (79 - 25) - (-3 - -29 - 3)?
-26
(12 + -2 + -2 - (4 + 4)) + 6 + 45
51
What is -25 - (124 - 140) - (33 + 1)?
-43
What is the value of 1665 + -1639 - (-2 - 37)?
65
Evaluate 99 + -46 - 60 - (1 + 5) - -68.
55
What is -5 + (53 - 33) + -44?
-29
-295 + 286 + (2 - 1) + 2
-6
What is the value of -22 + (-3 - 52) - -12?
-65
What is (2 + -4 - 11) + 1195 + -1188 + (2 - -3)?
-1
-10 + 163 + -160 + (1 - 11)
-17
Evaluate (6 - 0 - (-7 - 1 - -65)) + 99 + -92.
-44
Evaluate -11 + -12 + -4 - (20 - 21).
-26
4 + (-44 - (24 + -70)) - -21
27
Calculate 48 - (-21 - (49 + -12)).
106
Evaluate (-26 - (169 + -121)) + 103.
29
What is 6 + -41 + (733 - 684)?
14
Evaluate (-1 - -73) + 32 + -11 + -22 + -13.
58
Evaluate -6 - (-11 + 7 + 8) - (17 - (14 + -57)).
-70
What is the value of 27 + (43 - 5) + -21?
44
-2 - ((0 - -1) + -21 + -397 + 409)
6
What is the value of 94 + -57 + (-1 - 12) - -27?
51
What is -3 + -21 + (4 - 19 - (14 + -33))?
-20
Evaluate -31 - (-17 + -7 + 38).
-45
Evaluate 8 + 10 + -17 - -2 - 4 - 53 - 4.
-58
-48 - -3 - (-33 + 13 + 26)
-51
What is (-79 - -55) + (12 - (3 + 2)) + -2 + -1?
-20
What is the value of -13 + ((-4 - 9) + 12 - -12) + -43?
-45
What is 108 - (2 + 9 - 18) - 16?
99
What is 18 + ((42 - 12) + -49 - -61)?
60
Evaluate 59 + (-42 - 100 - -88).
5
What is the value of -9 + (61 + -18 - (-1 - -1)) + -227 + 229?
36
Evaluate -29 + (51 + -17 + -3 - 28).
-26
-178 + 1 - (-167 + 94)
-104
Calculate 33 - -47 - 47 - 32.
1
What is -18 + -36 + 49 + 11 - (-6 - 0)?
12
Calculate -12 + 6 - -43 - (-411 + 383).
65
Calculate (2 - 25) + (14 - (-16 + -8 + 4)).
11
What is -53 + (40 - -29) + 1 + 1 + -14?
4
(1126 - 1137) + 3 + (-18 - 1)
-27
What is the value of -1 - ((-98 - 11) + 74 + (-1 - 12))?
47
7053 - 7027 - (-1 + 116)
-89
What is the value of (-126 - -41) + (12 - (-3 + (1 - 1) + 15))?
-85
Evaluate 59 + (254 + -263 - (-2 - (-3 + 2))).
51
Calculate 123 - ((19 + -41 + 15 - -33) + -21).
118
What is (5 - ((9 - -8) + -14)) + 6?
8
Calculate -49 - (-83 + (71 - 114)).
77
-2 + (47 - -2 - (-40 - -35)) + -14
38
What is the value of 6 + 1 + -55 + 68 + 22?
42
-2 + 7 + -90 + 167
82
Calculate 0 + 2 + 0 + 28 + -29 + 0 + -133.
-132
Calculate 3006 + -3038 - (-50 - 0).
18
-1 + 22 + (-21 - -2) - (-1 - 68)
71
What is the value of (-28 - -108 - 127) + 64?
17
318 - 354 - (-3 + -28)
-5
What is the value of -9 + 0 + -1 + 0 - (111 - 122)?
1
What is the value of (-7 - 83) + 41 + (2 - -19)?
-28
What is -137 + -5 + 78 + 6 + 4?
-54
Evaluate (-47 - -156 - 55) + -39.
15
Evaluate -18 - (15 - 54) - (63 + -2).
-40
Evaluate -20 - -25 - (-65 - -42).
28
Calculate (-154 - -118) + 73 + -6.
31
(63 - (96 - 66)) + -40
-7
Calculate -98 + 32 + -10 + 14 + 3.
-59
Calculate -11 + -1 - (-82 + (27 - 7 - -13)).
37
Calculate 122 + -254 + 149 + (-61 - (2 - 2)).
-44
-10 + -5 + (10 - -2) - -5 - (54 + 4)
-56
What is the value of 10 +